). Suppose 0 = -3*k + k + s*y + 28, 0 = -5*k + 4*y + 58. What is the units digit of k?
0
Suppose -l - 2*l = -3. Let p be l/(-2) + 50/4. Suppose 5*s = s + p. What is the units digit of s?
3
Let c(h) = -h**3 + 10*h**2 - 9*h + 8. What is the units digit of c(9)?
8
Let o be 0 + 2 + -1 + 1. Suppose 2*i + 10 = -o*j, 3*i = -4*j - j - 15. Suppose -4*d + j*d = -12. What is the units digit of d?
3
Let f(q) = -3*q + 3. Let b be f(-3). Let m = -4 + b. Let z = -3 + m. What is the units digit of z?
5
Let i be (-4 + 9)*(1 - 0). Suppose w = g + 6, 2*w - 30 = -i*g + g. What is the units digit of w?
9
Suppose 0 = -3*v + v + 4*j - 2, 0 = -v - j + 8. Suppose 0 = v*c - i + 5*i - 62, 65 = 5*c + 5*i. What is the units digit of c?
0
Suppose 4*t - 80 = -4*z, 5*z + 0*z = t + 4. What is the units digit of t?
6
Suppose n + 8 = 5*n. Suppose -4 = -n*o, -3*f + 93 = 2*f + 4*o. What is the units digit of f?
7
Let y(m) = -5*m - 16. Let q be y(7). What is the units digit of (q/3)/(-1) - -1?
8
Let p = 7 + -10. Let n be ((-2)/p)/((-5)/(-150)). Suppose 5*f = n + 25. What is the units digit of f?
9
Suppose 5*r - 3 - 12 = 0. Let v be r - 2 - (-4)/2. Let l = 4 - v. What is the units digit of l?
1
Let i be (-1)/(-3) + (-40)/(-15). Suppose i*t + 17 = 3*m + 8*t, 5*t + 28 = 2*m. What is the units digit of m?
9
Let b = 12 + -6. Let t be (18/(-4))/(b/(-12)). Let x(m) = -m**3 + 9*m**2 - m + 13. What is the units digit of x(t)?
4
What is the hundreds digit of ((-6)/8)/(-1) + 14294/56?
2
Let d be (-2)/2*34/(-2). Suppose -p - d = -2*p. What is the tens digit of p?
1
Let t(b) = b**2 + b + 1. Suppose 0 = 6*x - 6 + 30. What is the tens digit of t(x)?
1
Suppose -38 - 7 = 5*r. Let t = r + 15. Suppose t*l = l + 20. What is the units digit of l?
4
Suppose 3*p + 26 - 114 = -5*g, 0 = -3*g - 4*p + 44. Suppose 0 = 3*h - g + 8. What is the units digit of h?
4
Suppose -2*k - k - 2*w = -1026, 1368 = 4*k + 5*w. What is the units digit of k?
2
Let k(t) = t + 5 - 3 - 2 + 6. Suppose 5*p + 23 + 2 = 0. What is the units digit of k(p)?
1
Let q be (1 - 2)*(-7 + 4). Suppose 6*j - q = 3*j. What is the units digit of j?
1
Suppose -5*y + 2*m - 6 + 33 = 0, -5*y + 4*m = -19. Suppose -3*k + 1 - y = 0. What is the units digit of 3/(-3) + (-4)/k?
1
Let t(y) = 0*y - 2 + 5 + 3*y**2 + 3*y + 2*y. What is the tens digit of t(-3)?
1
Let g(c) = 2*c**2 - 4*c - 17. What is the units digit of g(-5)?
3
Suppose 9*c + 130 = 4*c + 4*i, c = -4*i - 2. What is the units digit of 45/55 + (-4)/c?
1
Suppose 5*i = i + 24. Suppose i*k = 2*k + 8. What is the units digit of 6*(1/k - 0)?
3
Let l(u) = -u**2 + 2*u + 34. What is the units digit of l(0)?
4
What is the units digit of (-6)/(-9) - (-63)/27?
3
Let r = -15 - -49. What is the tens digit of r?
3
Let n(u) = -13*u**3 + 2*u**2 - 2*u - 2. What is the units digit of n(-1)?
5
Let g be (-2)/(-4)*(-2 + 4). Let z = g + 0. Let t = 7 - z. What is the units digit of t?
6
Let r be -5*(-1 + (-26)/(-10)). Let y be -1*5/(10/r). Suppose -y*o + 24 = -o. What is the units digit of o?
8
Let d = 26 - 36. Let w = d - -17. What is the units digit of w?
7
Let w(x) = -2*x**3 - x**2 + 13*x + 17. What is the hundreds digit of w(-5)?
1
Suppose -4*k + 60 = 3*d, 3*d + 15 = -3*k + 4*k. Let v = k + -11. What is the units digit of v?
4
Let f = -331 + 477. What is the hundreds digit of f?
1
Let x(c) = 4*c. Let i = 22 + -14. Let d be x(i). Let o = -21 + d. What is the units digit of o?
1
Let w(n) be the third derivative of n**8/2016 - n**6/720 - n**5/30 - n**2. Let z(t) be the third derivative of w(t). What is the units digit of z(1)?
9
Suppose 0 = -5*j + 3*j + 2. Let b be (2 - 5)*j - -3. Suppose -f + 9 + 4 = b. What is the units digit of f?
3
Let o = 50 - 39. What is the tens digit of o?
1
Let g(z) = -9*z - 1. Let o be g(1). Let q be ((-4)/(-10))/((-1)/o). What is the units digit of ((-6)/q)/(2/(-4))?
3
Suppose 5*t - 7 = 3. Suppose 2*h = t + 2. What is the units digit of h?
2
Suppose -4*b - 3*k + 28 = 0, -b + k + 6 = 2*k. What is the tens digit of b?
1
Suppose -2*z - 2*z + 16 = 0. Suppose -z*s = 5*k + 18, s + s = 2*k. What is the units digit of s/3*15/(-2)?
5
Let d = 13 - 8. Suppose -26 = -3*x - d*f - 1, -3*x - 2*f = -19. Suppose h - 2*k = -1 - 0, x*h = -5*k + 55. What is the units digit of h?
7
What is the hundreds digit of 30*((-3)/(-1) - (-159)/15)?
4
Suppose -24*w + 22*w = -528. What is the hundreds digit of w?
2
Let b be (-35)/(-20) + (-1)/(-4). Suppose 3*z - b = z. What is the units digit of 12 + (z - 0)*2?
4
Let d(h) = -h**3 + 11*h**2 + 4*h + 20. What is the hundreds digit of d(9)?
2
Let c = -260 - -579. What is the tens digit of c?
1
What is the tens digit of 1624/63 - 6/(-27)?
2
Suppose 5*m - s = 11, 2*m - 2*s - 12 = -3*m. Let b = m + -1. What is the units digit of b?
1
What is the units digit of 90/105*(7 + 0)?
6
Suppose v - 121 = -3*v - 3*y, -118 = -4*v - 2*y. What is the units digit of (v/8)/(2/4)?
7
Let x be 5/(1*2/(-6)). Let h be (12/x)/((-6)/285). Suppose 3*b = h - 14. What is the units digit of b?
8
Suppose -3*q = -0 + 3. What is the units digit of 6*2*q/(-2)?
6
Suppose l - 88 = -3*l. What is the tens digit of l?
2
Let o(u) = u + 2. Let v be o(2). Let m = v - -10. What is the units digit of m?
4
Suppose -4*b = 37 + 179. What is the units digit of (-1)/1 + b/(-2)?
6
Let n = 11 + 80. What is the units digit of n?
1
Let s = -117 + 200. What is the tens digit of s?
8
Suppose -j - 2*j = -5*z + 35, j + 5 = 0. Suppose z*f - 45 = f. What is the units digit of f?
5
Let y be (-2)/(-5) - (-36)/10. Let k(z) = -z**2 + 6*z - 3. What is the units digit of k(y)?
5
Let t = 91 - 45. What is the tens digit of t?
4
Suppose -s + 2*w = 8, 3*w - 5 = s + 6. What is the units digit of s/(-4)*26*1?
3
Let g be 3*-1 + (-10)/(-2). Suppose -g*n - 4*f = -29 - 37, -n + 4*f = -57. What is the tens digit of n?
4
Let n(f) = -9*f + 3. What is the tens digit of n(-8)?
7
What is the units digit of 5 - 3 - 1 - -27?
8
Let w = 4 + -1. Suppose 0*d = -4*d + 12, 0 = -w*u + 2*d + 6. What is the units digit of 6/(-4)*u/(-2)?
3
Let s(i) = i**2. What is the tens digit of s(-7)?
4
Suppose -i - 66 = -3*i. What is the tens digit of i?
3
What is the units digit of (-64)/(-9) - (-5)/(-45)?
7
Suppose -4*l + 10*l = 1494. What is the hundreds digit of l?
2
Suppose y = 3 + 4. Suppose y*z - 2*z = 55. What is the tens digit of z?
1
Let s(n) = n - 10. Let f(m) = -4*m + 29. Let p(a) = -2*f(a) - 7*s(a). Let t = -1 - 6. What is the units digit of p(t)?
5
Suppose 0 = -3*j + 4*j. Let v = 3 - j. Suppose -v = -4*q + 29. What is the units digit of q?
8
Let q(r) = 9*r - 4. Let n(w) = -19*w + 9. Let s(m) = 4*n(m) + 9*q(m). Let z be s(1). Suppose 2*c - z = c. What is the units digit of c?
5
What is the units digit of 20/(-1 - (-5 - -2))?
0
Let d(z) = -z**3 + 3*z**2 - 3*z + 4. What is the tens digit of d(-4)?
2
Let a = -21 - -36. Suppose i + 3*t = -5, i = -t + 2*t + a. What is the units digit of i?
0
Let n be (2 + 0)/(-2)*-4. Suppose -52 = -5*s - 3*v, 5*s = n*s - 2*v + 16. What is the units digit of s?
8
Let w(i) = i**2 + i + 1. What is the units digit of w(2)?
7
Let x(m) = -m**3 + 3*m**2 - 2. Let i be x(2). Suppose -10 = -i*p + 44. What is the tens digit of p?
2
Suppose 7 = 3*o - 4*r + 27, -38 = 5*o - 2*r. What is the units digit of o/20 - 464/(-10)?
6
Let j = -5 - -9. Suppose j*g + 3 = 35. What is the units digit of g?
8
Let h be (4/5)/(12/30). Suppose -c = -5*o + 4, 4*c - 5 = -4*o + 3. What is the units digit of (o*10)/h + 1?
6
Let c(i) = 6*i - 18. Let p(a) = -a + 1. Let b(z) = -c(z) - 5*p(z). Let j be b(7). Let y = -4 + j. What is the units digit of y?
2
Suppose k + 2*b = 9 + 1, 3*k + 3 = 5*b. Let w be (-17)/(-6) - k/(-24). Suppose w*p = 2*p + 14. What is the units digit of p?
4
What is the units digit of ((-2)/((-8)/46))/((-1)/(-6))?
9
Suppose 0 = 5*t - 2*t - 189. What is the units digit of t?
3
Let y(m) = 27*m**2 + m - 1. Let d be y(1). Let n = -10 + d. What is the tens digit of n?
1
What is the tens digit of (-1)/(-5) + 478/10?
4
Suppose f = -0*f - 3*a - 1, -4*f - 4*a + 4 = 0. Suppose 0*v - 140 = -4*h - 4*v, -5*v = 25. Suppose f = 3*y - h. What is the tens digit of y?
1
Suppose 280 = 4*n + 4*b, 3*n + 4*b = -b + 218. What is the tens digit of n?
6
Let o be 0*(-2)/(-16)*4. Suppose 3*y - 133 + 40 = o. What is the tens digit of y?
3
What is the tens digit of (0 + 13/(-5))/